. Let z be (-1 - b)/(1*3/(-8)). What is the greatest common factor of z and 116?
4
Suppose -78 = 16*x - 56*x + 14*x. What is the greatest common factor of x and 507?
3
Let r be 4/5*60/8. Let l = -4 + 4. Suppose -4*z + f + 48 = l, 24 = 2*z + 14*f - 13*f. What is the greatest common factor of z and r?
6
Suppose 3*o + 285 = -5*d + 1109, -o = -d + 168. What is the highest common divisor of 1328 and d?
166
Suppose 136 = -2*x - 562. Let k = -326 - x. Suppose 8*l - 4*l = 368. What is the highest common factor of k and l?
23
Suppose 3*y + y = 16. Let a = 13513 + -13497. Calculate the greatest common divisor of y and a.
4
Suppose -115*s - 71775 = -280*s. What is the highest common divisor of s and 210?
15
Let f = -45 - -69. Let v(u) = -2*u**3 - 99*u**2 + 51*u + 218. Let y be v(-50). Calculate the greatest common factor of f and y.
24
Suppose 4*u + 9 = 5*y, -11 = 4*u + 3*y - 42. Let w(c) = 2*c + 12. Let q be w(u). Calculate the greatest common divisor of q and 50.
10
Suppose -70*w = -54*w - 208. Let b(f) = 4*f - 16. Let u be b(w). Calculate the greatest common divisor of u and 16.
4
Let c(t) = -t**3 + 6*t**2 + 6*t + 4. Let b be c(7). Let h be (-40)/b*(-1632)/(-80). What is the greatest common factor of 17 and h?
17
Let a = 4575 + -3219. What is the highest common factor of 36 and a?
12
Let w be ((-3)/4)/(27/(-180)). Let a be ((-8)/w)/((-4)/30). Calculate the greatest common factor of 30 and a.
6
Let b be (-536)/(-6) + 6/9. Let f(r) = -2*r**2 - 37*r. Let z(i) = -4*i + 42. Let o be z(15). Let g be f(o). Calculate the greatest common factor of b and g.
18
Let y be (1743/(-9))/((-48)/144). Calculate the greatest common divisor of 7 and y.
7
Let o be ((-14)/126)/((-3)/(-18)) - 22340/(-30). Calculate the greatest common factor of 228 and o.
12
Let p = -66 + 69. Suppose 12*g - 7*g + p*t - 611 = 0, g + 3*t - 115 = 0. What is the highest common divisor of 217 and g?
31
Let h(y) = y**3 - 73*y**2 + 158*y + 618. Let s be h(72). What is the greatest common factor of s and 30?
30
Suppose 43*y - 3 = 46*y, 3*v + 2*y = 280. Calculate the highest common factor of v and 3854.
94
Let x be (15*(-11)/33*3)/((-2)/18). Suppose -k + 2*n - 12 = 0, 3*k - n = -k - 41. Let r be (-12)/k*50/4. Calculate the highest common factor of r and x.
15
Let u(z) = -z**3 - 17*z**2 - 81*z - 9. Let c be u(-9). Calculate the greatest common divisor of c and 56.
8
Let u = -22 + 157. Let x = 622 + -322. Suppose 0 = 21*w - w - x. Calculate the highest common divisor of u and w.
15
Let w = -3152 - -3356. What is the highest common factor of w and 36?
12
Suppose 0 = n + 25 - 32. Suppose c - 5 = 3*d, 9*d = -4*c + n*d + 48. Let y be (-23)/(-2) + 9/(-18). Calculate the highest common divisor of y and c.
11
Suppose -6 = 3*s - 3*h - 45, 15 = s - 2*h. Let l be (-18 - (-3 + 3))*(10 - s). What is the highest common divisor of 42 and l?
6
Let j be (2/(-3))/((-12)/(-9) + -1). Let g be -4 + 3 + 3 - j. Let b be -1 + 4 - (-40)/(0 + g). What is the greatest common divisor of b and 65?
13
Let s = -1547 - -2407. Calculate the highest common factor of s and 120.
20
Suppose -2*t = -m + 96, -294 = -5*m + 2*m + 4*t. Let o = 223 - m. Let x = 29 - 18. Calculate the highest common factor of x and o.
11
Let o be (128/(-44) - -3) + -541*(-328)/44. Calculate the greatest common divisor of o and 37.
37
Let a = 13271 - -13878. What is the greatest common divisor of 17 and a?
17
Let t = 4479 - 4259. What is the highest common divisor of 396 and t?
44
Let k(q) = -3*q**3 - 39*q**2 + 14*q + 50. Let o be k(-16). Suppose -3*l + o = 4*i, -11*i + 3*l - 1596 = -14*i. Calculate the greatest common factor of 6 and i.
6
Suppose -2*z - 29 = -5*b, 4*z = z + 4*b - 26. Let u be -2 - z - -4 - 95*-1. Let i = u - 89. What is the highest common factor of 90 and i?
10
Let j(l) = l**2 - 53*l + 577. Let c be j(15). What is the greatest common divisor of c and 1589?
7
Suppose 4 = 2*u, -f + 4*f = 3*u - 516. Let b = -66 - f. Suppose 13*a - 6 = 163. Calculate the highest common divisor of a and b.
13
Suppose 5*x = 3*f + 5, 2*f - 3*f = -5. Suppose w - x*w = -h + 6, -5*w = 4*h - 41. What is the greatest common factor of h and 171?
9
Let q(b) = -b**3 + 7*b**2 - 9*b - 5. Let v be q(5). Suppose i = 2*i + 3, -4*y - 3*i + 195 = v. Calculate the highest common factor of 17 and y.
17
Let v be 39/(-715)*-11 + 386/(-10) + 6. Let d be (-70)/(-8)*(8 + -4). Let r = d + v. What is the greatest common divisor of r and 12?
3
Let l = -142 - -147. Suppose -4*i + 7*i = 3*u - 123, 0 = l*u + 5*i - 215. What is the highest common divisor of u and 210?
42
Let l = 474 + -425. Suppose -12*k - 1 = -l. What is the highest common divisor of k and 164?
4
Let u = 46 - 33. Let z be -7 + 3 + 14 + 133. What is the greatest common divisor of u and z?
13
Let i = 292 + -291. Let c(p) = 381*p + 6. Let f be c(i). What is the highest common factor of f and 9?
9
Let j = 24 - 4. Suppose -j*m + 84 = -6*m. Calculate the highest common divisor of 6 and m.
6
Let i = 75 - 20. Let v be (-22)/(-5)*495/198. What is the highest common factor of i and v?
11
Let b(i) = 363*i - 826. Let z be b(7). Calculate the highest common divisor of z and 455.
35
Let g(b) = -2*b. Let s(y) = y + 54. Let o(p) = -3*g(p) - s(p). Let h be o(24). Calculate the greatest common factor of h and 44.
22
Suppose -51*p - 344612 = -187*p + 122004. What is the highest common factor of 292 and p?
73
Suppose -5*q + 17*i - 14*i = -359, -5*q - 8*i = -436. Calculate the greatest common factor of 44612 and q.
76
Let n be (-12663)/(-147) + (-6)/(-7). What is the highest common factor of n and 3045?
87
Let j be 4540/30*(3 + 3/(-2)). Suppose -j = -7*r - 73. Calculate the highest common divisor of r and 154.
22
Suppose 5*l + 4*n = 2*n + 119, 0 = -3*l + 4*n + 61. Suppose 4*z - l*z = -304. Calculate the greatest common factor of z and 2.
2
Let o(a) = -2*a**2 - 28*a - 8. Let n be o(-14). Let t be (n/14)/(2/(-7)). What is the highest common divisor of t and 34?
2
Suppose -2835 = 2*f - 5*f + 3*l, 5*l = 3*f - 2825. What is the greatest common factor of 100 and f?
50
Suppose 6*w = w - 3*t + 4665, -2*t = 10. Let c be w/32 - 1/4. Calculate the greatest common factor of c and 1421.
29
Let o = 7101 + -7087. Calculate the greatest common factor of o and 12.
2
Suppose -3*j = 4*j - 175. Let z be 8/(28 + 4) + 598/8. Calculate the greatest common divisor of z and j.
25
Let t be (-3)/(7/(1225/(-3))). Suppose -255 = -4*j - j. Let l = -26 + j. Calculate the highest common factor of t and l.
25
Let v be (-81*1)/(2025/(-99900)). What is the highest common factor of v and 4?
4
Suppose -p - 2*p = -15. Suppose 2*u + 87 = 71. Let s(b) = b**3 + 10*b**2 + 11*b. Let f be s(u). What is the greatest common factor of p and f?
5
Suppose -10 = -2*p, 3*p - 97 = -g - 2*p. Let a be ((-10)/3 + 3)*-3. Let b be a/(4 + 284/(-72)). What is the highest common factor of g and b?
18
Suppose 4*v - 105 = -2*a - 3583, v - a + 871 = 0. Let h = -829 - v. Calculate the greatest common divisor of h and 1476.
41
Suppose 261 = 399*o - 390*o. What is the greatest common factor of 1769 and o?
29
Suppose -5*w = c - 175, 6*c - 7*c - 4*w + 171 = 0. Let a be 161210/c - (-4)/(-62). Calculate the highest common divisor of 65 and a.
65
Suppose -19*q + 14*q + 980 = 0. Suppose 36 = -5*u + q. Calculate the greatest common divisor of 16 and u.
16
Suppose 6811 - 2311 = 5*b - 5*s, -3*b = -4*s - 2704. What is the highest common divisor of b and 1036?
28
Let f be 293 - ((-5)/(-5) - 4). Let c be (-1 - 97/(-11)) + 390/2145. Calculate the highest common factor of c and f.
8
Let q be (8/(-14))/(742/(-303849)). What is the greatest common factor of 130 and q?
26
Suppose 3*v - 240 = -4*y - v, v - 5 = 0. Let m be (-2)/(-13) - (134244/(-117))/4. Let h = m - 276. What is the greatest common divisor of h and y?
11
Let x = -2535 + 2543. What is the highest common divisor of x and 196?
4
Let s be ((-378)/(-18) - 60)*(-2)/3. Calculate the greatest common divisor of s and 637.
13
Suppose o + 2*t - 56 = 0, 2*o + 53*t - 58*t - 85 = 0. Let h = 672 + -322. Calculate the greatest common factor of h and o.
50
Suppose 65780 = 11*y + 2*y. Suppose -3*j + 25*j = y. Calculate the highest common divisor of 20 and j.
10
Suppose 4*c + 418 = o, -5*c - 803 + 272 = 3*o. Let m = c + 231. Calculate the highest common factor of 72 and m.
18
Le